.
-12
Let o(m) = -m**2 - 8*m - 5. Calculate o(-3).
10
Let r(m) = -48*m - 1. What is r(0)?
-1
Let h(f) = 8*f - 3. What is h(2)?
13
Let c(i) = -i**2 - i - 1. Give c(0).
-1
Let g(l) = 8*l + 10. Calculate g(-3).
-14
Let w(j) = -j**2 + 15*j + 27. What is w(16)?
11
Let l(f) = -6*f + 102. Give l(11).
36
Let n(c) = -4*c**2 + 22*c - 30. Give n(3).
0
Let k(n) = -13*n**2 + 2*n + 3. What is k(-1)?
-12
Let i(o) = -o**3 + 10*o**2 - 2. Determine i(7).
145
Let p(n) = -n**3 + 4*n**2 + 6*n - 2. Give p(-3).
43
Let a(z) = -2*z**2 + 11*z - 11. Give a(5).
-6
Let o(t) = -5*t + 54. Determine o(8).
14
Let x(c) = 2*c**2 - 4*c - 2. What is x(5)?
28
Let o(a) = -2*a - 14. Calculate o(-4).
-6
Let i(z) = -6*z**2 + 120*z - 12. Determine i(20).
-12
Let d(b) = 3*b - 7. What is d(5)?
8
Let p(t) = -t**3 - 11*t**2 - 26*t - 30. What is p(-8)?
-14
Let u(a) = a - 6. What is u(17)?
11
Let s(m) = -29*m**3 + m**2 + m + 1. Give s(-1).
30
Let k(q) = q**3 + 9*q**2 + 13*q - 9. Determine k(-7).
-2
Let s(w) = -5*w**2 - 8*w - 9. Give s(0).
-9
Let q(u) = u**3 - 23*u**2 + 25*u - 17. Determine q(22).
49
Let q(s) = -s**2 + 3*s + 3. What is q(10)?
-67
Let j(l) = l**2 + 8*l + 9. Give j(-7).
2
Let u(k) = k**2 - 1. Determine u(3).
8
Let p(q) = q**2 + 6*q + 8. Give p(-6).
8
Let n(w) = -4*w**3 + 2*w**2 + 14*w + 13. Give n(-1).
5
Let y(f) = -f**3 - 16*f**2 - f - 18. What is y(-16)?
-2
Let q(i) = -i**3 - i**2 - 3*i - 9. Give q(-2).
1
Let v(z) = z - 1. What is v(-6)?
-7
Let a(r) = -r**3 - 6*r**2 + 8*r - 9. Calculate a(-7).
-16
Let q(b) = b - 10. What is q(-3)?
-13
Let f(x) = 7*x - 10. Calculate f(2).
4
Let n(c) = 6*c + 2. Determine n(-10).
-58
Let n(w) = w**3 + 6*w**2 + 11*w + 26. Calculate n(-6).
-40
Let r(n) = -n**2 + 20*n - 101. Determine r(10).
-1
Let o(m) = -m**2 - 2*m + 14. Determine o(6).
-34
Let i(o) = -3*o**2 - 28*o - 22. Calculate i(-9).
-13
Let m(a) = -a**2 - a + 32. What is m(0)?
32
Let b(d) = -12*d + 3. What is b(2)?
-21
Let q(i) = 24*i - 2. Determine q(-3).
-74
Let u(n) = n**2 - 7*n + 13. Give u(10).
43
Let r(b) = b**3 - b**2 - 8*b + 4. Determine r(3).
-2
Let n(t) = -2*t**2 - 78*t + 5. Calculate n(-39).
5
Let x(q) = q - 72. Give x(0).
-72
Let m(s) = -s**3 + 9*s**2 + 39*s - 19. Determine m(12).
17
Let k(b) = 3*b - 38. What is k(16)?
10
Let o(w) = -w**3 + 8*w**2 + 24*w - 10. Give o(9).
125
Let b(k) = k**2 + 4*k - 7. Calculate b(-3).
-10
Let s(x) = 9*x - 8. Calculate s(6).
46
Let r(s) = s**3 + 2*s**2 + s - 2. Give r(-3).
-14
Let i(v) = -v**2 - 8*v + 7. Give i(-7).
14
Let s(w) = -w**3 + 9*w**2 + 11*w + 10. Give s(11).
-111
Let m(f) = -4*f + 17. Determine m(7).
-11
Let c(g) = -14*g + 122. What is c(9)?
-4
Let i(q) = q**3 + 6*q**2 + 4*q + 14. Determine i(-5).
19
Let r(z) = 6*z - 1. What is r(-6)?
-37
Let k(b) = b**3 - 9*b**2 - 5*b + 21. Determine k(9).
-24
Let r(p) = -23*p**2 + 5*p + 5. Determine r(-1).
-23
Let w(k) = -12*k**3 + k**2 + k. Give w(-1).
12
Let a(t) = t**3 - 8*t**2 + 8*t - 10. Calculate a(6).
-34
Let r(j) = -2*j**2 + 26*j. Give r(13).
0
Let s(b) = 3*b - 67. Calculate s(21).
-4
Let d(x) = -x**2 + 16*x - 18. Determine d(13).
21
Let v(y) = y**3 - 19*y**2 - 40*y - 45. Determine v(21).
-3
Let l(f) = -10*f**2 - 2*f - 4. What is l(3)?
-100
Let r(p) = p**2 + 13*p + 6. Calculate r(-7).
-36
Let d(j) = j + 35. Determine d(-20).
15
Let u(z) = -30*z + 977. Determine u(32).
17
Let c(p) = -2*p**2 - 25*p - 15. What is c(-12)?
-3
Let m(b) = -2*b**3 + 26*b**2 + 6*b - 89. Give m(13).
-11
Let a(z) = -3*z**3 + 2*z**2 - 2*z - 6. What is a(-2)?
30
Let i(k) = -k - 9. Give i(-5).
-4
Let n(z) = z**3 + 17*z**2 - 19*z - 16. Calculate n(-18).
2
Let s(r) = r**3 - 14*r**2 - 11*r + 15. Calculate s(14).
-139
Let x(i) = -i**2 + 6*i + 57. Determine x(-5).
2
Let b(l) = 7*l + 46. Determine b(-6).
4
Let a(f) = f**2 - 7*f - 2. Calculate a(7).
-2
Let i(h) = -h - 2. Give i(-5).
3
Let j(i) = -i**3 - 17*i**2 + 2. Determine j(-17).
2
Let c(m) = 2*m - 13. What is c(9)?
5
Let h(f) = -f**3 - 6*f**2 + 4. Calculate h(-6).
4
Let y(q) = -q**3 + 15*q**2 - 16*q + 28. Determine y(14).
0
Let i(x) = -x**3 - 8*x**2 + 3*x + 1. Calculate i(-8).
-23
Let o(w) = -8*w + 45. Calculate o(13).
-59
Let q(d) = -11*d + 52. Give q(5).
-3
Let d(s) = 4*s + 2. Calculate d(5).
22
Let c(y) = 9*y + 1. Give c(-4).
-35
Let k(r) = -r**3 - 10*r**2 + 24*r + 5. Calculate k(-12).
5
Let n(x) = 4*x + 2. Give n(-3).
-10
Let h(z) = 4*z**2 - z + 1. Calculate h(-2).
19
Let f(r) = 81*r**2 + r + 1. Determine f(-1).
81
Let d(r) = 60*r**2 + 2*r - 1. Give d(1).
61
Let l(a) = a**3 - 5*a**2 + 4*a - 13. Determine l(5).
7
Let c(l) = -31*l + 6. Calculate c(-2).
68
Let y(w) = -w**3 + 15*w**2 - 3*w + 10. Calculate y(15).
-35
Let d(w) = -w**3 + 10*w**2 + 74*w + 3. Give d(-5).
8
Let x(o) = -o**3 + 29*o**2 - 37*o + 260. Calculate x(28).
8
Let x(f) = f**3 + 3*f**2 - 6*f - 10. Determine x(-4).
-2
Let r(l) = 7*l - 50. Give r(8).
6
Let u(p) = -p**2 + 6*p - 11. What is u(-8)?
-123
Let d(s) = -14*s + 16. What is d(2)?
-12
Let u(a) = -a**3 - 5*a**2 - a + 6. What is u(-3)?
-9
Let f(i) = 10*i - 101. Determine f(10).
-1
Let p(q) = -71*q + 2. Give p(-1).
73
Let b(c) = c**2 - 5*c + 5. Determine b(2).
-1
Let w(s) = -2*s + 22. Determine w(13).
-4
Let d(v) = -v**3 + 29*v**2 - v + 34. Give d(29).
5
Let a(r) = -r**2 - 11*r - 28. Determine a(-13).
-54
Let l(p) = p**2 - 10*p - 3. What is l(7)?
-24
Let u(y) = 62*y + 228. Determine u(-4).
-20
Let z(p) = p**2 + 18*p + 6. Calculate z(-17).
-11
Let n(u) = u**2 - 11*u + 28. Calculate n(5).
-2
Let u(z) = 4*z - 64. Determine u(13).
-12
Let o(r) = -3*r - 14. What is o(-5)?
1
Let y(n) = 3*n + 52. Give y(-5).
37
Let q(r) = -8*r + 17. Calculate q(8).
-47
Let c(r) = r - 14. Give c(19).
5
Let k(b) = 21*b + 87. What is k(-4)?
3
Let y(w) = -6*w**3 - w. What is y(2)?
-50
Let i(j) = -j**3 + 13*j**2 + 13*j - 1. What is i(14)?
-15
Let c(g) = -g + 7. Give c(-8).
15
Let o(y) = -2*y + 34. Determine o(10).
14
Let c(q) = q**2 - 7*q - 63. Calculate c(-5).
-3
Let l(g) = g**2 + 21*g + 22. What is l(-20)?
2
Let y(z) = -z**2 - 2*z - 1. Give y(5).
-36
Let l(f) = -19*f**3 - 2*f**2 + 2*f - 2. Determine l(2).
-158
Let c(s) = -3*s - 3. What is c(3)?
-12
Let z(w) = 5*w**3 - 3*w + 2. What is z(-2)?
-32
Let v(u) = 2*u + 20. Determine v(-6).
8
Let g(s) = -s**3 - s**2 + 4*s - 5. Give g(2).
-9
Let k(b) = b**3 + 3*b**2 - 11*b - 2. Give k(-7).
-121
Let a(r) = -r**2 - 22*r + 13. What is a(-21)?
34
Let c(f) = 2*f + 40. Give c(12).
64
Let v(s) = 4*s**3 + s**2 - s - 1. Give v(-1).
-3
Let o(u) = u + 2. Determine o(3).
5
Let h(i) = -i**3 + 3*i**2 - 2*i. What is h(3)?
-6
Let b(i) = i**3 + 15*i**2 + 38*i + 339. Determine b(-14).
3
Let l(i) = -i - 1. What is l(-19)?
18
Let q(n) = -42*n**3 - 7*n**2 + 5*n + 1. Give q(1).
-43
Let q(l) = -l**2 + 7*l. Calculate q(8).
-8
Let m(s) = -s**3 - 14*s**2 - 13*s - 10. What is m(-13)?
-10
Let k(o) = o**3 - 4*o**2 - o - 2. Determine k(4).
-6
Let p(s) = -s**2 - 6*s - 3. Determine p(-2).
5
Let g(y) = y**2 - 11*y + 42. Calculate g(12).
54
Let o(z) = z**2 + 17*z - 117. Give o(-22).
-7
Let x(w) = -2*w - 1. Calculate x(-7).
13
Let v(c) = -c**2 - 23*c - 141. Determine v(-11).
-9
Let m(t) = -3*t**2 - 2*t + 1. Calculate m(-2).
-7
Let k(w) = 2*w**2 - 31*w + 13. Calculate k(15).
-2
Let t(h) = h**3 - h**2 + 5*h + 5. Calculate t(-2).
-17
Let p(y) = -31*y + 213. Calculate p(7).
-4
Let w(s) = -s**3 - 13*s**2 + 28. What is w(-14)?
224
Let p(u) = -u**2 - 6*u + 5. What is p(-5)?
10
Let x(o) = -o**3 + o**2 - o - 15. What is x(0)?
-15
Let k(n) = n**3 + 2*n**2 - 3*n - 2. What is k(-3)?
-2
Let m(s) = -143*s - 281. Give m(-2).
5
Let o(p) = -10*p + 137. Give o(13).
7
Let u(c) = -4*c - 13. Calculate u(-7).
15
Let z(i) = -i**3 + 8*i**2 + 8*i + 7. Give z(9).
-2
Let q(u) = u**3 - 12*u**2 + 26*u - 51. Determine q(10).
9
Let k(y) = -8*y + 149. Give k(19).
-3
Let k(v) = -v - 18. Give k(-13).
-5
Let n(g) = g**3 - 6*g**2 + 6*g + 3. Give n(6).
39
Let m(d) = d**2 + 3*d - 1. Determine m(3).
17
Let f(n) = -n**2 + 8*n + 6. Give f(7).
13
Let j(w) = w**3 + 36*w**2 - 2*w - 91. What is j(-36)?
-19
Let o(y) = -y - 6. Determine o(-3).
-3
Let d(t) = -t**2 + 14*t + 13. Give d(14).
13
Let r(i) = i**3 + 12*i**2 + 13*i + 16. Determine r(-11).
-6
Let s(k) = 61*k - 2. Calculate s(-1).
-63
Let v(g) = 4*g - 30. What is v(7)?
-2
Let h(l) = -l**3 - 3*l**2 + 43*l + 166. Determine h(-5).
1
Let t(y) = y**3 + 11*y**2 + 12*y 